CRAN Package Check Results for Package autocogs

Last updated on 2024-04-17 23:55:23 CEST.

Flavor Version Tinstall Tcheck Ttotal Status Flags
r-devel-linux-x86_64-debian-clang 0.1.4 4.00 58.47 62.47 OK
r-devel-linux-x86_64-debian-gcc 0.1.4 4.25 44.28 48.53 OK
r-devel-linux-x86_64-fedora-clang 0.1.4 79.62 NOTE
r-devel-linux-x86_64-fedora-gcc 0.1.4 80.39 NOTE
r-prerel-macos-arm64 0.1.4 27.00 OK
r-prerel-windows-x86_64 0.1.4 6.00 75.00 81.00 OK
r-patched-linux-x86_64 0.1.4 6.78 55.53 62.31 OK
r-release-linux-x86_64 0.1.4 3.79 55.97 59.76 OK
r-release-macos-arm64 0.1.4 27.00 OK
r-release-macos-x86_64 0.1.4 42.00 OK
r-release-windows-x86_64 0.1.4 8.00 72.00 80.00 OK
r-oldrel-macos-arm64 0.1.4 27.00 NOTE
r-oldrel-windows-x86_64 0.1.4 9.00 77.00 86.00 OK

Check Details

Version: 0.1.4
Check: dependencies in R code
Result: NOTE Namespaces in Imports field not imported from: ‘MASS’ ‘broom’ ‘diptest’ ‘ggplot2’ ‘hexbin’ ‘moments’ All declared Imports should be used. Flavors: r-devel-linux-x86_64-fedora-clang, r-devel-linux-x86_64-fedora-gcc, r-oldrel-macos-arm64