CRAN Package Check Results for Package bakR

Last updated on 2024-02-26 23:03:33 CET.

Flavor Version Tinstall Tcheck Ttotal Status Flags
r-devel-linux-x86_64-debian-clang 1.0.1 785.34 610.53 1395.87 OK
r-devel-linux-x86_64-debian-gcc 1.0.1 671.28 500.04 1171.32 OK
r-devel-linux-x86_64-fedora-clang 1.0.1 1655.17 NOTE
r-devel-linux-x86_64-fedora-gcc 1.0.1 1972.43 NOTE
r-devel-windows-x86_64 1.0.1 529.00 510.00 1039.00 NOTE
r-patched-linux-x86_64 1.0.1 550.90 628.62 1179.52 OK
r-release-linux-x86_64 1.0.1 578.89 631.33 1210.22 OK
r-release-macos-arm64 1.0.1 409.00 NOTE
r-release-macos-x86_64 1.0.1 601.00 NOTE
r-release-windows-x86_64 1.0.1 677.00 636.00 1313.00 NOTE
r-oldrel-macos-arm64 1.0.1 416.00 NOTE
r-oldrel-windows-x86_64 1.0.1 638.00 627.00 1265.00 NOTE

Check Details

Version: 1.0.1
Check: installed package size
Result: NOTE installed size is 9.4Mb sub-directories of 1Mb or more: libs 7.6Mb Flavors: r-devel-linux-x86_64-fedora-clang, r-devel-windows-x86_64, r-release-macos-arm64, r-release-macos-x86_64, r-release-windows-x86_64, r-oldrel-macos-arm64, r-oldrel-windows-x86_64

Version: 1.0.1
Check: dependencies in R code
Result: NOTE Namespaces in Imports field not imported from: ‘RcppParallel’ ‘rstantools’ All declared Imports should be used. Flavors: r-devel-linux-x86_64-fedora-clang, r-devel-linux-x86_64-fedora-gcc

Version: 1.0.1
Check: for GNU extensions in Makefiles
Result: NOTE GNU make is a SystemRequirements. Flavors: r-devel-linux-x86_64-fedora-clang, r-devel-linux-x86_64-fedora-gcc, r-release-macos-arm64, r-release-macos-x86_64, r-oldrel-macos-arm64