CRAN Package Check Results for Package basad

Last updated on 2018-07-22 21:50:17 CEST.

Flavor Version Tinstall Tcheck Ttotal Status Flags
r-devel-linux-x86_64-debian-clang 0.2.0 60.11 24.69 84.80 OK
r-devel-linux-x86_64-debian-gcc 0.2.0 53.23 20.71 73.94 OK
r-devel-linux-x86_64-fedora-clang 0.2.0 105.42 NOTE
r-devel-linux-x86_64-fedora-gcc 0.2.0 119.98 OK
r-devel-windows-ix86+x86_64 0.2.0 124.00 58.00 182.00 OK
r-patched-linux-x86_64 0.2.0 OK
r-patched-solaris-x86 0.2.0 101.90 OK
r-release-linux-x86_64 0.2.0 62.25 24.06 86.31 OK
r-release-windows-ix86+x86_64 0.2.0 90.00 73.00 163.00 OK
r-release-osx-x86_64 0.2.0 NOTE
r-oldrel-windows-ix86+x86_64 0.2.0 93.00 57.00 150.00 OK
r-oldrel-osx-x86_64 0.2.0 NOTE

Check Details

Version: 0.2.0
Check: installed package size
Result: NOTE
     installed size is 15.9Mb
     sub-directories of 1Mb or more:
     libs 15.8Mb
Flavors: r-devel-linux-x86_64-fedora-clang, r-release-osx-x86_64, r-oldrel-osx-x86_64