CRAN Package Check Results for Package base64enc

Last updated on 2024-07-15 22:54:35 CEST.

Flavor Version Tinstall Tcheck Ttotal Status Flags
r-devel-linux-x86_64-debian-clang 0.1-3 2.92 20.45 23.37 NOTE
r-devel-linux-x86_64-debian-gcc 0.1-3 2.07 16.01 18.08 NOTE
r-devel-linux-x86_64-fedora-clang 0.1-3 31.60 NOTE
r-devel-linux-x86_64-fedora-gcc 0.1-3 29.27 NOTE
r-devel-windows-x86_64 0.1-3 8.00 40.00 48.00 NOTE
r-patched-linux-x86_64 0.1-3 2.50 20.27 22.77 OK
r-release-linux-x86_64 0.1-3 2.44 20.32 22.76 OK
r-release-macos-arm64 0.1-3 16.00 OK
r-release-macos-x86_64 0.1-3 22.00 OK
r-release-windows-x86_64 0.1-3 9.00 38.00 47.00 OK
r-oldrel-macos-arm64 0.1-3 16.00 OK
r-oldrel-macos-x86_64 0.1-3 21.00 OK
r-oldrel-windows-x86_64 0.1-3 6.00 39.00 45.00 OK

Check Details

Version: 0.1-3
Check: compiled code
Result: NOTE File ‘base64enc/libs/base64enc.so’: Found non-API call to R: ‘SETLENGTH’ Compiled code should not call non-API entry points in R. See ‘Writing portable packages’ in the ‘Writing R Extensions’ manual, and section ‘Moving into C API compliance’ for issues with the use of non-API entry points. Flavors: r-devel-linux-x86_64-debian-clang, r-devel-linux-x86_64-debian-gcc

Version: 0.1-3
Check: compiled code
Result: NOTE File ‘base64enc/libs/base64enc.so’: Found non-API call to R: ‘SETLENGTH’ File ‘base64enc/libs/base64enc.so’: Found no calls to: ‘R_registerRoutines’, ‘R_useDynamicSymbols’ Compiled code should not call non-API entry points in R. It is good practice to register native routines and to disable symbol search. See ‘Writing portable packages’ in the ‘Writing R Extensions’ manual, and section ‘Moving into C API compliance’ for issues with the use of non-API entry points. Flavors: r-devel-linux-x86_64-fedora-clang, r-devel-linux-x86_64-fedora-gcc

Version: 0.1-3
Check: compiled code
Result: NOTE File 'base64enc/libs/x64/base64enc.dll': Found non-API call to R: 'SETLENGTH' Compiled code should not call non-API entry points in R. See 'Writing portable packages' in the 'Writing R Extensions' manual, and section 'Moving into C API compliance' for issues with the use of non-API entry points. Flavor: r-devel-windows-x86_64