CRAN Package Check Results for Package basedosdados

Last updated on 2024-07-12 22:54:11 CEST.

Flavor Version Tinstall Tcheck Ttotal Status Flags
r-devel-linux-x86_64-debian-clang 0.2.2 9.13 70.55 79.68 NOTE
r-devel-linux-x86_64-debian-gcc 0.2.2 6.05 52.88 58.93 NOTE
r-devel-linux-x86_64-fedora-clang 0.2.2 101.50 NOTE
r-devel-linux-x86_64-fedora-gcc 0.2.2 93.43 NOTE
r-devel-windows-x86_64 0.2.2 9.00 72.00 81.00 NOTE
r-patched-linux-x86_64 0.2.2 9.61 67.46 77.07 NOTE
r-release-linux-x86_64 0.2.2 8.60 66.52 75.12 NOTE
r-release-macos-arm64 0.2.2 31.00 NOTE
r-release-macos-x86_64 0.2.2 52.00 NOTE
r-release-windows-x86_64 0.2.2 8.00 70.00 78.00 NOTE
r-oldrel-macos-arm64 0.2.2 34.00 OK
r-oldrel-macos-x86_64 0.2.2 50.00 OK
r-oldrel-windows-x86_64 0.2.2 10.00 83.00 93.00 OK

Check Details

Version: 0.2.2
Check: Rd files
Result: NOTE checkRd: (-1) bd_collect.Rd:30: Lost braces; missing escapes or markup? 30 | the {dplyr}'s verbs and thus use it in local memory completely. | ^ checkRd: (-1) bd_write.Rd:52: Lost braces; missing escapes or markup? 52 | Writes a remote table to disk that was called via {bdplyr}. | ^ checkRd: (-1) bdplyr.Rd:5: Lost braces; missing escapes or markup? 5 | \title{Compatibility with {dplyr} verbs without using SQL language} | ^ Flavors: r-devel-linux-x86_64-debian-clang, r-devel-linux-x86_64-debian-gcc, r-devel-linux-x86_64-fedora-clang, r-devel-linux-x86_64-fedora-gcc, r-devel-windows-x86_64, r-patched-linux-x86_64, r-release-linux-x86_64, r-release-macos-arm64, r-release-macos-x86_64, r-release-windows-x86_64

Version: 0.2.2
Check: Rd cross-references
Result: NOTE Undeclared packages ‘jsonlite’, ‘arrow’ in Rd xrefs Flavor: r-devel-linux-x86_64-fedora-clang