CRAN Package Check Results for Package betacal

Last updated on 2024-05-17 22:56:38 CEST.

Flavor Version Tinstall Tcheck Ttotal Status Flags
r-devel-linux-x86_64-debian-clang 0.1.0 1.87 20.31 22.18 NOTE
r-devel-linux-x86_64-debian-gcc 0.1.0 1.55 15.87 17.42 NOTE
r-devel-linux-x86_64-fedora-clang 0.1.0 30.45 NOTE
r-devel-linux-x86_64-fedora-gcc 0.1.0 30.25 NOTE
r-devel-windows-x86_64 0.1.0 3.00 35.00 38.00 NOTE
r-patched-linux-x86_64 0.1.0 1.93 19.31 21.24 NOTE
r-release-linux-x86_64 0.1.0 1.62 15.68 17.30 NOTE
r-release-macos-arm64 0.1.0 14.00 NOTE
r-release-windows-x86_64 0.1.0 2.00 33.00 35.00 NOTE
r-oldrel-macos-arm64 0.1.0 16.00 NOTE
r-oldrel-macos-x86_64 0.1.0 18.00 NOTE
r-oldrel-windows-x86_64 0.1.0 3.00 34.00 37.00 NOTE

Check Details

Version: 0.1.0
Check: LazyData
Result: NOTE 'LazyData' is specified without a 'data' directory Flavors: r-devel-linux-x86_64-debian-clang, r-devel-linux-x86_64-debian-gcc, r-devel-linux-x86_64-fedora-clang, r-devel-linux-x86_64-fedora-gcc, r-devel-windows-x86_64, r-patched-linux-x86_64, r-release-linux-x86_64, r-release-macos-arm64, r-release-windows-x86_64, r-oldrel-macos-arm64, r-oldrel-macos-x86_64, r-oldrel-windows-x86_64