CRAN Package Check Results for Package bibliometrix

Last updated on 2024-02-26 23:03:34 CET.

Flavor Version Tinstall Tcheck Ttotal Status Flags
r-devel-linux-x86_64-debian-clang 4.1.4 26.25 238.35 264.60 OK
r-devel-linux-x86_64-debian-gcc 4.1.4 20.84 179.04 199.88 OK
r-devel-linux-x86_64-fedora-clang 4.1.4 327.86 NOTE
r-devel-linux-x86_64-fedora-gcc 4.1.4 313.10 OK
r-devel-windows-x86_64 4.1.4 25.00 188.00 213.00 OK
r-patched-linux-x86_64 4.1.4 36.64 229.08 265.72 OK
r-release-linux-x86_64 4.1.4 24.64 230.10 254.74 OK
r-release-macos-arm64 4.1.4 86.00 OK
r-release-macos-x86_64 4.1.4 166.00 OK
r-release-windows-x86_64 4.1.4 31.00 232.00 263.00 OK
r-oldrel-macos-arm64 4.1.4 88.00 OK
r-oldrel-windows-x86_64 4.1.4 35.00 231.00 266.00 OK

Check Details

Version: 4.1.4
Check: package dependencies
Result: NOTE Imports includes 23 non-default packages. Importing from so many packages makes the package vulnerable to any of them becoming unavailable. Move as many as possible to Suggests and use conditionally. Flavor: r-devel-linux-x86_64-fedora-clang