CRAN Package Check Results for Package biogram

Last updated on 2024-04-24 00:55:36 CEST.

Flavor Version Tinstall Tcheck Ttotal Status Flags
r-devel-linux-x86_64-debian-clang 1.6.3 4.45 83.88 88.33 NOTE
r-devel-linux-x86_64-debian-gcc 1.6.3 4.09 58.82 62.91 NOTE
r-devel-linux-x86_64-fedora-clang 1.6.3 106.74 NOTE
r-devel-linux-x86_64-fedora-gcc 1.6.3 118.36 NOTE
r-prerel-macos-arm64 1.6.3 43.00 NOTE
r-prerel-windows-x86_64 1.6.3 6.00 90.00 96.00 NOTE
r-patched-linux-x86_64 1.6.3 7.61 78.35 85.96 NOTE
r-release-linux-x86_64 1.6.3 3.77 76.48 80.25 OK
r-release-macos-arm64 1.6.3 42.00 OK
r-release-macos-x86_64 1.6.3 65.00 OK
r-release-windows-x86_64 1.6.3 7.00 100.00 107.00 OK
r-oldrel-macos-arm64 1.6.3 59.00 OK
r-oldrel-windows-x86_64 1.6.3 7.00 91.00 98.00 OK

Check Details

Version: 1.6.3
Check: Rd files
Result: NOTE checkRd: (-1) calc_ed.Rd:14: Lost braces; missing escapes or markup? 14 | of groups or less than \code{a}. Both \code{a} and {b} must have the the same | ^ checkRd: (-1) calc_pi.Rd:14: Lost braces; missing escapes or markup? 14 | of groups or less than \code{a}. Both \code{a} and {b} must have the the same | ^ checkRd: (-1) calc_si.Rd:14: Lost braces; missing escapes or markup? 14 | of groups or less than \code{a}. Both \code{a} and {b} must have the the same | ^ checkRd: (-1) cluster_reg_exp.Rd:15: Lost braces in \itemize; \value handles \item{}{} directly checkRd: (-1) cluster_reg_exp.Rd:16: Lost braces in \itemize; \value handles \item{}{} directly checkRd: (-1) cluster_reg_exp.Rd:17: Lost braces in \itemize; \value handles \item{}{} directly checkRd: (-1) cluster_reg_exp.Rd:18: Lost braces in \itemize; \value handles \item{}{} directly Flavors: r-devel-linux-x86_64-debian-clang, r-devel-linux-x86_64-debian-gcc, r-devel-linux-x86_64-fedora-clang, r-devel-linux-x86_64-fedora-gcc, r-prerel-macos-arm64, r-prerel-windows-x86_64, r-patched-linux-x86_64

Version: 1.6.3
Check: Rd cross-references
Result: NOTE Undeclared package ‘seqinr’ in Rd xrefs Flavor: r-devel-linux-x86_64-fedora-clang