CRAN Package Check Results for Package biomod2

Last updated on 2018-07-22 06:46:34 CEST.

Flavor Version Tinstall Tcheck Ttotal Status Flags
r-devel-linux-x86_64-debian-clang 3.3-7 27.64 218.21 245.85 NOTE
r-devel-linux-x86_64-debian-gcc 3.3-7 22.55 167.90 190.45 NOTE
r-devel-linux-x86_64-fedora-clang 3.3-7 298.76 NOTE
r-devel-linux-x86_64-fedora-gcc 3.3-7 276.11 NOTE
r-devel-windows-ix86+x86_64 3.3-7 56.00 197.00 253.00 NOTE
r-patched-linux-x86_64 3.3-7 NOTE
r-patched-solaris-x86 3.3-7 359.40 NOTE
r-release-linux-x86_64 3.3-7 26.47 191.39 217.86 NOTE
r-release-windows-ix86+x86_64 3.3-7 56.00 286.00 342.00 NOTE
r-release-osx-x86_64 3.3-7 NOTE
r-oldrel-windows-ix86+x86_64 3.3-7 22.00 270.00 292.00 NOTE
r-oldrel-osx-x86_64 3.3-7 NOTE

Check Details

Version: 3.3-7
Check: DESCRIPTION meta-information
Result: NOTE
    BugReports field is not a suitable URL but contains an email address
     which will be used as from R 3.4.0
Flavors: r-devel-linux-x86_64-debian-clang, r-devel-linux-x86_64-debian-gcc, r-devel-linux-x86_64-fedora-clang, r-devel-linux-x86_64-fedora-gcc, r-devel-windows-ix86+x86_64, r-patched-linux-x86_64, r-patched-solaris-x86, r-release-linux-x86_64, r-release-windows-ix86+x86_64, r-release-osx-x86_64, r-oldrel-windows-ix86+x86_64, r-oldrel-osx-x86_64

Version: 3.3-7
Check: dependencies in R code
Result: NOTE
    Missing or unexported object: ‘gam::step.gam’
Flavors: r-devel-linux-x86_64-debian-clang, r-devel-linux-x86_64-debian-gcc, r-devel-linux-x86_64-fedora-clang, r-devel-linux-x86_64-fedora-gcc, r-devel-windows-ix86+x86_64, r-patched-linux-x86_64, r-patched-solaris-x86, r-release-linux-x86_64, r-release-windows-ix86+x86_64, r-release-osx-x86_64, r-oldrel-windows-ix86+x86_64