CRAN Package Check Results for Package bite

Last updated on 2024-02-26 23:03:34 CET.

Flavor Version Tinstall Tcheck Ttotal Status Flags
r-devel-linux-x86_64-debian-clang 0.3 12.60 121.41 134.01 OK
r-devel-linux-x86_64-debian-gcc 0.3 11.26 93.42 104.68 OK
r-devel-linux-x86_64-fedora-clang 0.3 171.10 NOTE
r-devel-linux-x86_64-fedora-gcc 0.3 171.67 NOTE
r-devel-windows-x86_64 0.3 13.00 107.00 120.00 OK
r-patched-linux-x86_64 0.3 17.06 120.91 137.97 OK
r-release-linux-x86_64 0.3 15.14 120.20 135.34 OK
r-release-macos-arm64 0.3 51.00 OK
r-release-macos-x86_64 0.3 87.00 OK
r-release-windows-x86_64 0.3 17.00 127.00 144.00 OK
r-oldrel-macos-arm64 0.3 43.00 NOTE
r-oldrel-windows-x86_64 0.3 18.00 130.00 148.00 OK

Check Details

Version: 0.3
Check: dependencies in R code
Result: NOTE Namespace in Imports field not imported from: ‘MASS’ All declared Imports should be used. Flavors: r-devel-linux-x86_64-fedora-clang, r-devel-linux-x86_64-fedora-gcc, r-oldrel-macos-arm64