CRAN Package Check Results for Package blocklength

Last updated on 2023-12-11 00:49:01 CET.

Flavor Version Tinstall Tcheck Ttotal Status Flags
r-devel-linux-x86_64-debian-clang 0.1.5 2.64 156.82 159.46 OK
r-devel-linux-x86_64-debian-gcc 0.1.5 1.75 105.64 107.39 OK
r-devel-linux-x86_64-fedora-clang 0.1.5 197.86 NOTE
r-devel-linux-x86_64-fedora-gcc 0.1.5 193.40 OK
r-devel-windows-x86_64 0.1.5 4.00 101.00 105.00 OK
r-patched-linux-x86_64 0.1.5 2.94 169.14 172.08 OK
r-release-linux-x86_64 0.1.5 2.18 172.88 175.06 OK
r-release-macos-arm64 0.1.5 56.00 OK
r-release-macos-x86_64 0.1.5 94.00 OK
r-release-windows-x86_64 0.1.5 4.00 148.00 152.00 OK
r-oldrel-macos-arm64 0.1.5 43.00 OK
r-oldrel-macos-x86_64 0.1.5 61.00 OK
r-oldrel-windows-x86_64 0.1.5 4.00 152.00 156.00 OK

Check Details

Version: 0.1.5
Check: Rd cross-references
Result: NOTE Undeclared package ‘np’ in Rd xrefs Flavor: r-devel-linux-x86_64-fedora-clang