CRAN Package Check Results for Package brglm

Last updated on 2024-02-26 23:03:34 CET.

Flavor Version Tinstall Tcheck Ttotal Status Flags
r-devel-linux-x86_64-debian-clang 0.7.2 3.94 32.55 36.49 NOTE
r-devel-linux-x86_64-debian-gcc 0.7.2 3.16 25.48 28.64 NOTE
r-devel-linux-x86_64-fedora-clang 0.7.2 45.29 NOTE
r-devel-linux-x86_64-fedora-gcc 0.7.2 43.82 OK
r-devel-windows-x86_64 0.7.2 6.00 56.00 62.00 OK
r-patched-linux-x86_64 0.7.2 5.02 32.59 37.61 OK
r-release-linux-x86_64 0.7.2 4.19 32.38 36.57 OK
r-release-macos-arm64 0.7.2 24.00 OK
r-release-macos-x86_64 0.7.2 28.00 OK
r-release-windows-x86_64 0.7.2 7.00 56.00 63.00 OK
r-oldrel-macos-arm64 0.7.2 20.00 OK
r-oldrel-windows-x86_64 0.7.2 6.00 58.00 64.00 OK

Check Details

Version: 0.7.2
Check: Rd files
Result: NOTE checkRd: (-1) brglm.Rd:173: Lost braces in \itemize; meant \describe ? checkRd: (-1) brglm.Rd:174: Lost braces in \itemize; meant \describe ? checkRd: (-1) brglm.Rd:175-176: Lost braces in \itemize; meant \describe ? checkRd: (-1) brglm.Rd:177-178: Lost braces in \itemize; meant \describe ? checkRd: (-1) brglm.Rd:179-180: Lost braces in \itemize; meant \describe ? checkRd: (-1) brglm.Rd:181-182: Lost braces in \itemize; meant \describe ? checkRd: (-1) brglm.Rd:183-184: Lost braces in \itemize; meant \describe ? checkRd: (-1) profile.brglm.Rd:54-55: Lost braces in \itemize; meant \describe ? checkRd: (-1) profile.brglm.Rd:56: Lost braces in \itemize; meant \describe ? checkRd: (-1) profile.brglm.Rd:57: Lost braces in \itemize; meant \describe ? checkRd: (-1) profile.brglm.Rd:58: Lost braces in \itemize; meant \describe ? Flavors: r-devel-linux-x86_64-debian-clang, r-devel-linux-x86_64-debian-gcc, r-devel-linux-x86_64-fedora-clang