Last updated on 2023-12-02 23:13:39 CET.
Flavor | Version | Tinstall | Tcheck | Ttotal | Status | Flags |
---|---|---|---|---|---|---|
r-devel-linux-x86_64-debian-clang | 2.20.4 | 72.53 | 716.67 | 789.20 | NOTE | |
r-devel-linux-x86_64-debian-gcc | 2.20.4 | 61.49 | 541.43 | 602.92 | NOTE | |
r-devel-linux-x86_64-fedora-clang | 2.20.4 | 1055.93 | NOTE | |||
r-devel-linux-x86_64-fedora-gcc | 2.20.4 | 981.64 | NOTE | |||
r-devel-windows-x86_64 | 2.20.4 | 57.00 | 217.00 | 274.00 | NOTE | --no-examples --no-tests --no-vignettes |
r-patched-linux-x86_64 | 2.20.4 | 61.53 | 702.85 | 764.38 | NOTE | |
r-release-linux-x86_64 | 2.20.4 | 51.22 | 695.54 | 746.76 | NOTE | |
r-release-macos-arm64 | 2.20.4 | 271.00 | NOTE | |||
r-release-macos-x86_64 | 2.20.4 | 432.00 | NOTE | |||
r-release-windows-x86_64 | 2.20.4 | 77.00 | 224.00 | 301.00 | NOTE | --no-examples --no-tests --no-vignettes |
r-oldrel-macos-arm64 | 2.20.4 | 240.00 | NOTE | |||
r-oldrel-macos-x86_64 | 2.20.4 | 330.00 | NOTE | |||
r-oldrel-windows-x86_64 | 2.20.4 | 80.00 | 191.00 | 271.00 | NOTE | --no-examples --no-tests --no-vignettes |
Version: 2.20.4
Check: package dependencies
Result: NOTE
Package suggested but not available for checking: ‘cmdstanr’
Flavors: r-devel-linux-x86_64-debian-clang, r-devel-linux-x86_64-debian-gcc, r-devel-linux-x86_64-fedora-clang, r-devel-linux-x86_64-fedora-gcc, r-patched-linux-x86_64, r-release-linux-x86_64, r-release-macos-arm64, r-release-macos-x86_64, r-oldrel-macos-arm64, r-oldrel-macos-x86_64
Version: 2.20.4
Check: Rd files
Result: NOTE
checkRd: (-1) gp.Rd:93-99: Lost braces in \itemize; meant \describe ?
Flavors: r-devel-linux-x86_64-debian-clang, r-devel-linux-x86_64-debian-gcc
Version: 2.20.4
Check: installed package size
Result: NOTE
installed size is 8.0Mb
sub-directories of 1Mb or more:
R 3.0Mb
doc 3.6Mb
Flavors: r-devel-linux-x86_64-fedora-clang, r-release-macos-arm64, r-release-macos-x86_64, r-oldrel-macos-arm64, r-oldrel-macos-x86_64
Version: 2.20.4
Flags: --no-examples --no-tests --no-vignettes
Check: package dependencies
Result: NOTE
Package suggested but not available for checking: 'cmdstanr'
Flavors: r-devel-windows-x86_64, r-release-windows-x86_64, r-oldrel-windows-x86_64
Version: 2.20.4
Flags: --no-examples --no-tests --no-vignettes
Check: installed package size
Result: NOTE
installed size is 7.9Mb
sub-directories of 1Mb or more:
R 3.0Mb
doc 3.6Mb
Flavors: r-devel-windows-x86_64, r-release-windows-x86_64, r-oldrel-windows-x86_64