CRAN Package Check Results for Package broom.helpers

Last updated on 2024-02-26 23:03:34 CET.

Flavor Version Tinstall Tcheck Ttotal Status Flags
r-devel-linux-x86_64-debian-clang 1.14.0 9.17 252.73 261.90 NOTE
r-devel-linux-x86_64-debian-gcc 1.14.0 7.48 200.19 207.67 NOTE
r-devel-linux-x86_64-fedora-clang 1.14.0 337.07 NOTE
r-devel-linux-x86_64-fedora-gcc 1.14.0 394.02 NOTE
r-devel-windows-x86_64 1.14.0 10.00 210.00 220.00 OK
r-patched-linux-x86_64 1.14.0 12.03 262.65 274.68 OK
r-release-linux-x86_64 1.14.0 6.53 262.21 268.74 OK
r-release-macos-arm64 1.14.0 109.00 OK
r-release-macos-x86_64 1.14.0 226.00 OK
r-release-windows-x86_64 1.14.0 12.00 282.00 294.00 OK
r-oldrel-macos-arm64 1.14.0 113.00 OK
r-oldrel-windows-x86_64 1.14.0 13.00 270.00 283.00 OK

Check Details

Version: 1.14.0
Check: Rd files
Result: NOTE checkRd: (-1) select_helpers.Rd:43: Lost braces; missing escapes or markup? 43 | Set of functions to supplement the {tidyselect} set of | ^ Flavors: r-devel-linux-x86_64-debian-clang, r-devel-linux-x86_64-debian-gcc, r-devel-linux-x86_64-fedora-clang, r-devel-linux-x86_64-fedora-gcc