CRAN Package Check Results for Package bulkAnalyseR

Last updated on 2024-02-26 23:03:34 CET.

Flavor Version Tinstall Tcheck Ttotal Status Flags
r-devel-linux-x86_64-debian-clang 1.1.0 12.76 166.04 178.80 OK
r-devel-linux-x86_64-debian-gcc 1.1.0 9.30 126.07 135.37 OK
r-devel-linux-x86_64-fedora-clang 1.1.0 228.91 NOTE
r-devel-linux-x86_64-fedora-gcc 1.1.0 245.60 OK
r-devel-windows-x86_64 1.1.0 13.00 148.00 161.00 NOTE
r-patched-linux-x86_64 1.1.0 9.02 156.43 165.45 OK
r-release-linux-x86_64 1.1.0 7.93 163.34 171.27 OK
r-release-macos-arm64 1.1.0 7.00 ERROR
r-release-macos-x86_64 1.1.0 151.00 NOTE
r-release-windows-x86_64 1.1.0 17.00 189.00 206.00 NOTE
r-oldrel-macos-arm64 1.1.0 82.00 NOTE
r-oldrel-windows-x86_64 1.1.0 18.00 189.00 207.00 NOTE

Check Details

Version: 1.1.0
Check: package dependencies
Result: NOTE Imports includes 32 non-default packages. Importing from so many packages makes the package vulnerable to any of them becoming unavailable. Move as many as possible to Suggests and use conditionally. Flavor: r-devel-linux-x86_64-fedora-clang

Version: 1.1.0
Check: installed package size
Result: NOTE installed size is 6.2Mb sub-directories of 1Mb or more: doc 2.3Mb extdata 3.4Mb Flavors: r-devel-linux-x86_64-fedora-clang, r-devel-windows-x86_64, r-release-macos-x86_64, r-release-windows-x86_64, r-oldrel-macos-arm64, r-oldrel-windows-x86_64

Version: 1.1.0
Check: package dependencies
Result: ERROR Package required but not available: ‘GENIE3’ Package suggested but not available for checking: ‘org.Mm.eg.db’ See section ‘The DESCRIPTION file’ in the ‘Writing R Extensions’ manual. Flavor: r-release-macos-arm64

Version: 1.1.0
Check: package dependencies
Result: NOTE Package suggested but not available for checking: ‘org.Mm.eg.db’ Flavor: r-release-macos-x86_64