CRAN Package Check Results for Package calmate

Last updated on 2024-04-25 01:55:05 CEST.

Flavor Version Tinstall Tcheck Ttotal Status Flags
r-devel-linux-x86_64-debian-clang 0.13.0 7.31 73.14 80.45 OK
r-devel-linux-x86_64-debian-gcc 0.13.0 5.16 53.89 59.05 OK
r-devel-linux-x86_64-fedora-clang 0.13.0 95.92 OK
r-devel-linux-x86_64-fedora-gcc 0.13.0 90.94 OK
r-devel-windows-x86_64 0.13.0 7.00 73.00 80.00 OK
r-patched-linux-x86_64 0.13.0 7.64 66.77 74.41 OK
r-release-linux-x86_64 0.13.0 4.30 68.07 72.37 OK
r-release-macos-arm64 0.13.0 29.00 OK
r-release-macos-x86_64 0.13.0 61.00 OK
r-release-windows-x86_64 0.13.0 7.00 71.00 78.00 OK
r-oldrel-macos-arm64 0.13.0 5.00 ERROR
r-oldrel-macos-x86_64 0.13.0 59.00 OK
r-oldrel-windows-x86_64 0.13.0 9.00 85.00 94.00 OK

Check Details

Version: 0.13.0
Check: package dependencies
Result: ERROR Package required but not available: ‘aroma.core’ See section ‘The DESCRIPTION file’ in the ‘Writing R Extensions’ manual. Flavor: r-oldrel-macos-arm64