CRAN Package Check Results for Package carcass

Last updated on 2024-07-22 22:56:19 CEST.

Flavor Version Tinstall Tcheck Ttotal Status Flags
r-devel-linux-x86_64-debian-clang 1.7 10.75 96.03 106.78 OK
r-devel-linux-x86_64-debian-gcc 1.7 8.31 71.12 79.43 NOTE
r-devel-linux-x86_64-fedora-clang 1.7 132.17 OK
r-devel-linux-x86_64-fedora-gcc 1.7 122.37 OK
r-devel-windows-x86_64 1.7 9.00 87.00 96.00 NOTE
r-patched-linux-x86_64 1.7 8.39 90.22 98.61 OK
r-release-linux-x86_64 1.7 11.70 92.70 104.40 OK
r-release-macos-arm64 1.7 39.00 OK
r-release-macos-x86_64 1.7 59.00 OK
r-release-windows-x86_64 1.7 9.00 87.00 96.00 OK
r-oldrel-macos-arm64 1.7 39.00 OK
r-oldrel-macos-x86_64 1.7 91.00 OK
r-oldrel-windows-x86_64 1.7 13.00 102.00 115.00 OK

Check Details

Version: 1.7
Check: Rd cross-references
Result: NOTE Found the following Rd file(s) with Rd \link{} targets missing package anchors: persistence.prob.Rd: coxph, survreg Please provide package anchors for all Rd \link{} targets not in the package itself and the base packages. Flavors: r-devel-linux-x86_64-debian-gcc, r-devel-windows-x86_64