CRAN Package Check Results for Package cats

Last updated on 2024-02-26 23:03:35 CET.

Flavor Version Tinstall Tcheck Ttotal Status Flags
r-devel-linux-x86_64-debian-clang 1.0.2 4.56 43.07 47.63 OK
r-devel-linux-x86_64-debian-gcc 1.0.2 3.03 32.87 35.90 OK
r-devel-linux-x86_64-fedora-clang 1.0.2 57.66 NOTE
r-devel-linux-x86_64-fedora-gcc 1.0.2 55.68 NOTE
r-devel-windows-x86_64 1.0.2 4.00 51.00 55.00 OK
r-patched-linux-x86_64 1.0.2 3.70 42.17 45.87 OK
r-release-linux-x86_64 1.0.2 3.81 42.73 46.54 OK
r-release-macos-arm64 1.0.2 20.00 OK
r-release-macos-x86_64 1.0.2 30.00 OK
r-release-windows-x86_64 1.0.2 7.00 55.00 62.00 OK
r-oldrel-macos-arm64 1.0.2 21.00 NOTE
r-oldrel-windows-x86_64 1.0.2 7.00 59.00 66.00 OK

Check Details

Version: 1.0.2
Check: dependencies in R code
Result: NOTE Namespaces in Imports field not imported from: ‘epitools’ ‘forcats’ ‘purrr’ All declared Imports should be used. Flavors: r-devel-linux-x86_64-fedora-clang, r-devel-linux-x86_64-fedora-gcc, r-oldrel-macos-arm64