CRAN Package Check Results for Package causalweight

Last updated on 2023-12-10 04:55:53 CET.

Flavor Version Tinstall Tcheck Ttotal Status Flags
r-devel-linux-x86_64-debian-clang 1.0.4 20.00 126.75 146.75 OK
r-devel-linux-x86_64-debian-gcc 1.0.4 14.03 93.79 107.82 OK
r-devel-linux-x86_64-fedora-clang 1.0.4 188.21 NOTE
r-devel-linux-x86_64-fedora-gcc 1.0.4 179.26 NOTE
r-devel-windows-x86_64 1.0.4 18.00 108.00 126.00 OK
r-patched-linux-x86_64 1.0.4 15.75 110.15 125.90 OK
r-release-linux-x86_64 1.0.4 18.24 121.41 139.65 OK
r-release-macos-arm64 1.0.4 51.00 OK
r-release-macos-x86_64 1.0.4 136.00 OK
r-release-windows-x86_64 1.0.4 24.00 128.00 152.00 OK
r-oldrel-macos-arm64 1.0.4 49.00 OK
r-oldrel-macos-x86_64 1.0.4 70.00 OK
r-oldrel-windows-x86_64 1.0.4 22.00 129.00 151.00 OK

Check Details

Version: 1.0.4
Check: data for non-ASCII characters
Result: NOTE Note: found 1 marked UTF-8 string Flavors: r-devel-linux-x86_64-fedora-clang, r-devel-linux-x86_64-fedora-gcc