Last updated on 2023-12-02 02:49:05 CET.
Flavor | Version | Tinstall | Tcheck | Ttotal | Status | Flags |
---|---|---|---|---|---|---|
r-devel-linux-x86_64-debian-clang | 2.3.1 | 15.42 | 35.64 | 51.06 | NOTE | |
r-devel-linux-x86_64-debian-gcc | 2.3.1 | 10.55 | 26.57 | 37.12 | NOTE | |
r-devel-linux-x86_64-fedora-clang | 2.3.1 | 69.28 | NOTE | |||
r-devel-linux-x86_64-fedora-gcc | 2.3.1 | 62.21 | NOTE | |||
r-devel-windows-x86_64 | 2.3.1 | 13.00 | 69.00 | 82.00 | NOTE | |
r-patched-linux-x86_64 | 2.3.1 | 14.67 | 34.10 | 48.77 | NOTE | |
r-release-linux-x86_64 | 2.3.1 | 13.68 | 33.96 | 47.64 | NOTE | |
r-release-macos-arm64 | 2.3.1 | 23.00 | NOTE | |||
r-release-macos-x86_64 | 2.3.1 | 39.00 | NOTE | |||
r-release-windows-x86_64 | 2.3.1 | 15.00 | 78.00 | 93.00 | NOTE | |
r-oldrel-macos-arm64 | 2.3.1 | 24.00 | OK | |||
r-oldrel-macos-x86_64 | 2.3.1 | 32.00 | OK | |||
r-oldrel-windows-x86_64 | 2.3.1 | 21.00 | 80.00 | 101.00 | OK |
Version: 2.3.1
Check: C++ specification
Result: NOTE
Specified C++11: please drop specification unless essential
Flavors: r-devel-linux-x86_64-debian-clang, r-devel-linux-x86_64-debian-gcc, r-devel-linux-x86_64-fedora-clang, r-devel-linux-x86_64-fedora-gcc, r-devel-windows-x86_64, r-patched-linux-x86_64, r-release-linux-x86_64, r-release-macos-arm64, r-release-macos-x86_64, r-release-windows-x86_64