CRAN Package Check Results for Package colocr

Last updated on 2024-07-23 23:48:07 CEST.

Flavor Version Tinstall Tcheck Ttotal Status Flags
r-devel-linux-x86_64-debian-clang 0.1.1 6.61 190.77 197.38 NOTE
r-devel-linux-x86_64-debian-gcc 0.1.1 4.67 138.87 143.54 NOTE
r-devel-linux-x86_64-fedora-clang 0.1.1 268.04 NOTE
r-devel-linux-x86_64-fedora-gcc 0.1.1 278.43 NOTE
r-devel-windows-x86_64 0.1.1 7.00 256.00 263.00 NOTE
r-patched-linux-x86_64 0.1.1 8.54 175.57 184.11 NOTE
r-release-linux-x86_64 0.1.1 4.51 171.57 176.08 NOTE
r-release-macos-arm64 0.1.1 83.00 NOTE
r-release-macos-x86_64 0.1.1 129.00 NOTE
r-release-windows-x86_64 0.1.1 7.00 232.00 239.00 NOTE
r-oldrel-macos-arm64 0.1.1 84.00 NOTE
r-oldrel-macos-x86_64 0.1.1 136.00 NOTE
r-oldrel-windows-x86_64 0.1.1 9.00 224.00 233.00 NOTE

Check Details

Version: 0.1.1
Check: LazyData
Result: NOTE 'LazyData' is specified without a 'data' directory Flavors: r-devel-linux-x86_64-debian-clang, r-devel-linux-x86_64-debian-gcc, r-devel-linux-x86_64-fedora-clang, r-devel-linux-x86_64-fedora-gcc, r-devel-windows-x86_64, r-patched-linux-x86_64, r-release-linux-x86_64, r-release-macos-arm64, r-release-macos-x86_64, r-release-windows-x86_64, r-oldrel-macos-arm64, r-oldrel-macos-x86_64, r-oldrel-windows-x86_64

Version: 0.1.1
Check: Rd cross-references
Result: NOTE Found the following Rd file(s) with Rd \link{} targets missing package anchors: roi_select.Rd: imager Please provide package anchors for all Rd \link{} targets not in the package itself and the base packages. Flavors: r-devel-linux-x86_64-debian-gcc, r-devel-windows-x86_64