CRAN Package Check Results for Package colorspace

Last updated on 2024-02-26 23:03:35 CET.

Flavor Version Tinstall Tcheck Ttotal Status Flags
r-devel-linux-x86_64-debian-clang 2.1-0 13.73 112.56 126.29 OK
r-devel-linux-x86_64-debian-gcc 2.1-0 7.94 84.51 92.45 OK
r-devel-linux-x86_64-fedora-clang 2.1-0 153.80 OK
r-devel-linux-x86_64-fedora-gcc 2.1-0 164.38 OK
r-devel-windows-x86_64 2.1-0 15.00 145.00 160.00 OK
r-patched-linux-x86_64 2.1-0 15.31 109.84 125.15 OK
r-release-linux-x86_64 2.1-0 12.23 109.18 121.41 OK
r-release-macos-arm64 2.1-0 62.00 OK
r-release-macos-x86_64 2.1-0 92.00 OK
r-release-windows-x86_64 2.1-0 16.00 148.00 164.00 OK
r-oldrel-macos-arm64 2.1-0 47.00 ERROR
r-oldrel-windows-x86_64 2.1-0 25.00 139.00 164.00 OK

Check Details

Version: 2.1-0
Check: examples
Result: ERROR Running examples in ‘colorspace-Ex.R’ failed The error most likely occurred in: > ### Name: scale_colour_binned_diverging > ### Title: HCL-Based Binned Diverging Color Scales for ggplot2 > ### Aliases: scale_colour_binned_diverging scale_color_binned_diverging > ### scale_fill_binned_diverging > > ### ** Examples > > # adapted from stackoverflow: https://stackoverflow.com/a/20127706/4975218 > > library("ggplot2") Error: package or namespace load failed for ‘ggplot2’: .onAttach failed in attachNamespace() for 'ggplot2', details: call: loadNamespace(x) error: there is no package called ‘withr’ Execution halted Flavor: r-oldrel-macos-arm64