CRAN Package Check Results for Package corrarray

Last updated on 2024-02-26 23:03:36 CET.

Flavor Version Tinstall Tcheck Ttotal Status Flags
r-devel-linux-x86_64-debian-clang 1.2.0 6.86 57.06 63.92 NOTE
r-devel-linux-x86_64-debian-gcc 1.2.0 4.37 42.75 47.12 NOTE
r-devel-linux-x86_64-fedora-clang 1.2.0 79.88 NOTE
r-devel-linux-x86_64-fedora-gcc 1.2.0 72.95 NOTE
r-devel-windows-x86_64 1.2.0 8.00 60.00 68.00 NOTE
r-patched-linux-x86_64 1.2.0 13.82 53.27 67.09 NOTE
r-release-linux-x86_64 1.2.0 4.10 53.77 57.87 NOTE
r-release-macos-arm64 1.2.0 26.00 NOTE
r-release-macos-x86_64 1.2.0 42.00 NOTE
r-release-windows-x86_64 1.2.0 9.00 64.00 73.00 NOTE
r-oldrel-macos-arm64 1.2.0 38.00 NOTE
r-oldrel-windows-x86_64 1.2.0 10.00 73.00 83.00 NOTE

Check Details

Version: 1.2.0
Check: LazyData
Result: NOTE 'LazyData' is specified without a 'data' directory Flavors: r-devel-linux-x86_64-debian-clang, r-devel-linux-x86_64-debian-gcc, r-devel-linux-x86_64-fedora-clang, r-devel-linux-x86_64-fedora-gcc, r-devel-windows-x86_64, r-patched-linux-x86_64, r-release-linux-x86_64, r-release-macos-arm64, r-release-macos-x86_64, r-release-windows-x86_64, r-oldrel-macos-arm64, r-oldrel-windows-x86_64