CRAN Package Check Results for Package corrplot

Last updated on 2024-02-25 23:02:04 CET.

Flavor Version Tinstall Tcheck Ttotal Status Flags
r-devel-linux-x86_64-debian-clang 0.92 3.74 51.58 55.32 OK
r-devel-linux-x86_64-debian-gcc 0.92 3.06 39.61 42.67 OK
r-devel-linux-x86_64-fedora-clang 0.92 68.58 NOTE
r-devel-linux-x86_64-fedora-gcc 0.92 78.17 OK
r-devel-windows-x86_64 0.92 4.00 67.00 71.00 OK
r-patched-linux-x86_64 0.92 4.29 50.32 54.61 OK
r-release-linux-x86_64 0.92 3.69 50.60 54.29 OK
r-release-macos-arm64 0.92 39.00 OK
r-release-macos-x86_64 0.92 52.00 OK
r-release-windows-x86_64 0.92 7.00 74.00 81.00 OK
r-oldrel-macos-arm64 0.92 32.00 OK
r-oldrel-windows-x86_64 0.92 6.00 72.00 78.00 OK

Check Details

Version: 0.92
Check: installed package size
Result: NOTE installed size is 5.0Mb sub-directories of 1Mb or more: doc 4.8Mb Flavor: r-devel-linux-x86_64-fedora-clang