CRAN Package Check Results for Package coxed

Last updated on 2024-02-21 23:11:26 CET.

Flavor Version Tinstall Tcheck Ttotal Status Flags
r-devel-linux-x86_64-debian-clang 0.3.3 OK
r-devel-linux-x86_64-debian-gcc 0.3.3 12.29 140.13 152.42 OK
r-devel-linux-x86_64-fedora-clang 0.3.3 249.09 NOTE
r-devel-linux-x86_64-fedora-gcc 0.3.3 251.05 NOTE
r-devel-windows-x86_64 0.3.3 14.00 163.00 177.00 OK
r-patched-linux-x86_64 0.3.3 25.44 186.78 212.22 OK
r-release-linux-x86_64 0.3.3 13.58 184.25 197.83 OK
r-release-macos-arm64 0.3.3 86.00 OK
r-release-macos-x86_64 0.3.3 122.00 OK
r-release-windows-x86_64 0.3.3 20.00 198.00 218.00 OK
r-oldrel-macos-arm64 0.3.3 92.00 NOTE
r-oldrel-windows-x86_64 0.3.3 20.00 195.00 215.00 OK

Check Details

Version: 0.3.3
Check: dependencies in R code
Result: NOTE Namespace in Imports field not imported from: ‘mediation’ All declared Imports should be used. Flavors: r-devel-linux-x86_64-fedora-clang, r-devel-linux-x86_64-fedora-gcc, r-oldrel-macos-arm64