CRAN Package Check Results for Package credule

Last updated on 2024-07-22 22:56:20 CEST.

Flavor Version Tinstall Tcheck Ttotal Status Flags
r-devel-linux-x86_64-debian-clang 0.1.4 2.42 24.45 26.87 OK
r-devel-linux-x86_64-debian-gcc 0.1.4 2.20 18.65 20.85 OK
r-devel-linux-x86_64-fedora-clang 0.1.4 37.30 NOTE
r-devel-linux-x86_64-fedora-gcc 0.1.4 50.44 NOTE
r-devel-windows-x86_64 0.1.4 7.00 43.00 50.00 OK
r-patched-linux-x86_64 0.1.4 2.62 22.94 25.56 OK
r-release-linux-x86_64 0.1.4 3.00 23.51 26.51 OK
r-release-macos-arm64 0.1.4 21.00 OK
r-release-macos-x86_64 0.1.4 35.00 OK
r-release-windows-x86_64 0.1.4 6.00 44.00 50.00 OK
r-oldrel-macos-arm64 0.1.4 27.00 OK
r-oldrel-macos-x86_64 0.1.4 33.00 OK
r-oldrel-windows-x86_64 0.1.4 6.00 42.00 48.00 OK

Check Details

Version: 0.1.4
Check: compiled code
Result: NOTE File ‘credule/libs/credule.so’: Found no calls to: ‘R_registerRoutines’, ‘R_useDynamicSymbols’ It is good practice to register native routines and to disable symbol search. See ‘Writing portable packages’ in the ‘Writing R Extensions’ manual. Flavors: r-devel-linux-x86_64-fedora-clang, r-devel-linux-x86_64-fedora-gcc