CRAN Package Check Results for Package ctrialsgov

Last updated on 2024-02-20 22:59:00 CET.

Flavor Version Tinstall Tcheck Ttotal Status Flags
r-devel-linux-x86_64-debian-clang 0.2.5 OK
r-devel-linux-x86_64-debian-gcc 0.2.5 11.83 90.30 102.13 OK
r-devel-linux-x86_64-fedora-clang 0.2.5 173.19 NOTE
r-devel-linux-x86_64-fedora-gcc 0.2.5 180.86 NOTE
r-devel-windows-x86_64 0.2.5 14.00 104.00 118.00 OK
r-patched-linux-x86_64 0.2.5 12.35 114.60 126.95 OK
r-release-linux-x86_64 0.2.5 12.34 116.83 129.17 OK
r-release-macos-arm64 0.2.5 55.00 OK
r-release-macos-x86_64 0.2.5 93.00 OK
r-release-windows-x86_64 0.2.5 18.00 129.00 147.00 OK
r-oldrel-macos-arm64 0.2.5 64.00 NOTE
r-oldrel-windows-x86_64 0.2.5 18.00 134.00 152.00 OK

Check Details

Version: 0.2.5
Check: data for non-ASCII characters
Result: NOTE Note: found 1350 marked UTF-8 strings Flavors: r-devel-linux-x86_64-fedora-clang, r-devel-linux-x86_64-fedora-gcc, r-oldrel-macos-arm64