CRAN Package Check Results for Package cystiSim

Last updated on 2024-07-22 22:56:21 CEST.

Flavor Version Tinstall Tcheck Ttotal Status Flags
r-devel-linux-x86_64-debian-clang 0.1.0 6.00 56.78 62.78 NOTE
r-devel-linux-x86_64-debian-gcc 0.1.0 4.67 43.01 47.68 NOTE
r-devel-linux-x86_64-fedora-clang 0.1.0 77.93 NOTE
r-devel-linux-x86_64-fedora-gcc 0.1.0 74.31 NOTE
r-devel-windows-x86_64 0.1.0 9.00 63.00 72.00 NOTE
r-patched-linux-x86_64 0.1.0 5.96 52.68 58.64 NOTE
r-release-linux-x86_64 0.1.0 6.27 53.91 60.18 NOTE
r-release-macos-arm64 0.1.0 27.00 NOTE
r-release-macos-x86_64 0.1.0 38.00 NOTE
r-release-windows-x86_64 0.1.0 6.00 62.00 68.00 NOTE
r-oldrel-macos-arm64 0.1.0 29.00 OK
r-oldrel-macos-x86_64 0.1.0 41.00 OK
r-oldrel-windows-x86_64 0.1.0 9.00 70.00 79.00 OK

Check Details

Version: 0.1.0
Check: Rd files
Result: NOTE checkRd: (-1) fit.Rd:37: Lost braces in \itemize; meant \describe ? checkRd: (-1) fit.Rd:38: Lost braces in \itemize; meant \describe ? checkRd: (-1) fit.Rd:39: Lost braces in \itemize; meant \describe ? Flavors: r-devel-linux-x86_64-debian-clang, r-devel-linux-x86_64-debian-gcc, r-devel-linux-x86_64-fedora-clang, r-devel-linux-x86_64-fedora-gcc, r-devel-windows-x86_64, r-patched-linux-x86_64, r-release-linux-x86_64, r-release-macos-arm64, r-release-macos-x86_64, r-release-windows-x86_64