CRAN Package Check Results for Package dang

Last updated on 2023-12-02 23:13:42 CET.

Flavor Version Tinstall Tcheck Ttotal Status Flags
r-devel-linux-x86_64-debian-clang 0.0.15 5.82 25.19 31.01 WARN
r-devel-linux-x86_64-debian-gcc 0.0.15 4.22 20.01 24.23 OK
r-devel-linux-x86_64-fedora-clang 0.0.16 45.96 OK
r-devel-linux-x86_64-fedora-gcc 0.0.16 41.02 OK
r-devel-windows-x86_64 0.0.15 9.00 62.00 71.00 OK
r-patched-linux-x86_64 0.0.15 5.20 25.45 30.65 OK
r-release-linux-x86_64 0.0.15 6.37 25.02 31.39 OK
r-release-macos-arm64 0.0.16 24.00 OK
r-release-macos-x86_64 0.0.15 27.00 OK
r-release-windows-x86_64 0.0.15 11.00 68.00 79.00 OK
r-oldrel-macos-arm64 0.0.16 22.00 WARN
r-oldrel-macos-x86_64 0.0.15 25.00 OK
r-oldrel-windows-x86_64 0.0.15 10.00 57.00 67.00 OK

Check Details

Version: 0.0.15
Check: whether package can be installed
Result: WARN Found the following significant warnings: /home/hornik/tmp/R.check/r-devel-clang/Work/build/Packages/tidyCpp/include/tidy/internals.h:106:67: warning: format string is not a string literal (potentially insecure) [-Wformat-security] See ‘/home/hornik/tmp/R.check/r-devel-clang/Work/PKGS/dang.Rcheck/00install.out’ for details. * used C compiler: ‘Debian clang version 17.0.5 (1)’ * used C++ compiler: ‘Debian clang version 17.0.5 (1)’ Flavor: r-devel-linux-x86_64-debian-clang

Version: 0.0.16
Check: S3 generic/method consistency
Result: WARN str: function(object, ...) str.language: function(expr, name, indent) See section ‘Generic functions and methods’ in the ‘Writing R Extensions’ manual. Found the following apparent S3 methods exported but not registered: str.language See section ‘Registering S3 methods’ in the ‘Writing R Extensions’ manual. Flavor: r-oldrel-macos-arm64