Last updated on 2025-01-18 21:48:20 CET.
Flavor | Version | Tinstall | Tcheck | Ttotal | Status | Flags |
---|---|---|---|---|---|---|
r-devel-linux-x86_64-debian-clang | 1.0.0 | 21.75 | 181.86 | 203.61 | OK | |
r-devel-linux-x86_64-debian-gcc | 1.0.0 | 15.09 | 127.17 | 142.26 | OK | |
r-devel-linux-x86_64-fedora-clang | 1.0.0 | 348.16 | OK | |||
r-devel-linux-x86_64-fedora-gcc | 1.0.0 | 322.78 | OK | |||
r-devel-windows-x86_64 | 1.0.0 | 23.00 | 171.00 | 194.00 | OK | |
r-patched-linux-x86_64 | 1.0.0 | 18.67 | 168.41 | 187.08 | OK | |
r-release-linux-x86_64 | 1.0.0 | 20.77 | 166.49 | 187.26 | OK | |
r-release-macos-arm64 | 1.0.0 | 80.00 | OK | |||
r-release-macos-x86_64 | 1.0.0 | 228.00 | OK | |||
r-release-windows-x86_64 | 1.0.0 | 24.00 | 176.00 | 200.00 | OK | |
r-oldrel-macos-arm64 | 1.0.0 | 86.00 | NOTE | |||
r-oldrel-macos-x86_64 | 1.0.0 | 154.00 | OK | |||
r-oldrel-windows-x86_64 | 1.0.0 | 29.00 | 225.00 | 254.00 | OK |
Version: 1.0.0
Check: package dependencies
Result: NOTE
Package suggested but not available for checking: ‘snpStats’
Flavor: r-oldrel-macos-arm64
Version: 1.0.0
Check: Rd cross-references
Result: NOTE
Package unavailable to check Rd xrefs: ‘snpStats’
Flavor: r-oldrel-macos-arm64