CRAN Package Check Results for Package datadogr

Last updated on 2024-04-24 00:55:39 CEST.

Flavor Version Tinstall Tcheck Ttotal Status Flags
r-devel-linux-x86_64-debian-clang 0.1.2 2.45 36.66 39.11 NOTE
r-devel-linux-x86_64-debian-gcc 0.1.2 2.54 27.78 30.32 NOTE
r-devel-linux-x86_64-fedora-clang 0.1.2 49.83 NOTE
r-devel-linux-x86_64-fedora-gcc 0.1.2 46.97 NOTE
r-prerel-macos-arm64 0.1.2 21.00 NOTE
r-prerel-windows-x86_64 0.1.2 5.00 55.00 60.00 NOTE
r-patched-linux-x86_64 0.1.2 3.54 34.66 38.20 NOTE
r-release-linux-x86_64 0.1.2 3.44 35.58 39.02 NOTE
r-release-macos-arm64 0.1.2 21.00 NOTE
r-release-macos-x86_64 0.1.2 30.00 NOTE
r-release-windows-x86_64 0.1.2 6.00 55.00 61.00 NOTE
r-oldrel-macos-arm64 0.1.2 18.00 NOTE
r-oldrel-windows-x86_64 0.1.2 5.00 59.00 64.00 NOTE

Check Details

Version: 0.1.2
Check: LazyData
Result: NOTE 'LazyData' is specified without a 'data' directory Flavors: r-devel-linux-x86_64-debian-clang, r-devel-linux-x86_64-debian-gcc, r-devel-linux-x86_64-fedora-clang, r-devel-linux-x86_64-fedora-gcc, r-prerel-macos-arm64, r-prerel-windows-x86_64, r-patched-linux-x86_64, r-release-linux-x86_64, r-release-macos-arm64, r-release-macos-x86_64, r-release-windows-x86_64, r-oldrel-macos-arm64, r-oldrel-windows-x86_64