CRAN Package Check Results for Package dblr

Last updated on 2024-04-12 00:03:59 CEST.

Flavor Version Tinstall Tcheck Ttotal Status Flags
r-devel-linux-x86_64-debian-clang 0.1.0 8.17 70.43 78.60 NOTE
r-devel-linux-x86_64-debian-gcc 0.1.0 4.96 55.90 60.86 NOTE
r-devel-linux-x86_64-fedora-clang 0.1.0 96.93 NOTE
r-devel-linux-x86_64-fedora-gcc 0.1.0 90.09 NOTE
r-devel-windows-x86_64 0.1.0 8.00 66.00 74.00 NOTE
r-patched-linux-x86_64 0.1.0 7.32 69.06 76.38 NOTE
r-release-linux-x86_64 0.1.0 8.79 71.54 80.33 NOTE
r-release-macos-arm64 0.1.0 31.00 NOTE
r-release-macos-x86_64 0.1.0 50.00 NOTE
r-release-windows-x86_64 0.1.0 9.00 75.00 84.00 NOTE
r-oldrel-macos-arm64 0.1.0 29.00 NOTE
r-oldrel-windows-x86_64 0.1.0 9.00 79.00 88.00 NOTE

Check Details

Version: 0.1.0
Check: LazyData
Result: NOTE 'LazyData' is specified without a 'data' directory Flavors: r-devel-linux-x86_64-debian-clang, r-devel-linux-x86_64-debian-gcc, r-devel-linux-x86_64-fedora-clang, r-devel-linux-x86_64-fedora-gcc, r-devel-windows-x86_64, r-patched-linux-x86_64, r-release-linux-x86_64, r-release-macos-arm64, r-release-macos-x86_64, r-release-windows-x86_64, r-oldrel-macos-arm64, r-oldrel-windows-x86_64