CRAN Package Check Results for Package deforestable

Last updated on 2024-04-20 23:23:04 CEST.

Flavor Version Tinstall Tcheck Ttotal Status Flags
r-devel-linux-x86_64-debian-clang 3.1.1 71.43 449.48 520.91 NOTE
r-devel-linux-x86_64-debian-gcc 3.1.1 57.30 298.15 355.45 NOTE
r-devel-linux-x86_64-fedora-clang 3.1.1 636.47 NOTE
r-devel-linux-x86_64-fedora-gcc 3.1.1 605.95 NOTE
r-prerel-macos-arm64 3.1.1 134.00 NOTE
r-prerel-windows-x86_64 3.1.1 56.00 335.00 391.00 NOTE
r-patched-linux-x86_64 3.1.1 49.09 422.01 471.10 NOTE
r-release-linux-x86_64 3.1.1 51.71 419.84 471.55 NOTE
r-release-macos-arm64 3.1.1 150.00 NOTE
r-release-macos-x86_64 3.1.1 256.00 NOTE
r-release-windows-x86_64 3.1.1 76.00 408.00 484.00 NOTE
r-oldrel-macos-arm64 3.1.1 138.00 OK
r-oldrel-windows-x86_64 3.1.1 78.00 394.00 472.00 OK

Check Details

Version: 3.1.1
Check: C++ specification
Result: NOTE Specified C++11: please drop specification unless essential Flavors: r-devel-linux-x86_64-debian-clang, r-devel-linux-x86_64-debian-gcc, r-devel-linux-x86_64-fedora-clang, r-devel-linux-x86_64-fedora-gcc, r-prerel-macos-arm64, r-prerel-windows-x86_64, r-patched-linux-x86_64, r-release-linux-x86_64, r-release-macos-arm64, r-release-macos-x86_64, r-release-windows-x86_64