CRAN Package Check Results for Package demoGraphic

Last updated on 2024-07-22 22:56:21 CEST.

Flavor Version Tinstall Tcheck Ttotal Status Flags
r-devel-linux-x86_64-debian-clang 0.1.0 1.92 25.39 27.31 NOTE
r-devel-linux-x86_64-debian-gcc 0.1.0 1.86 19.71 21.57 NOTE
r-devel-linux-x86_64-fedora-clang 0.1.0 35.30 NOTE
r-devel-linux-x86_64-fedora-gcc 0.1.0 33.42 NOTE
r-devel-windows-x86_64 0.1.0 5.00 44.00 49.00 NOTE
r-patched-linux-x86_64 0.1.0 1.81 24.36 26.17 NOTE
r-release-linux-x86_64 0.1.0 1.84 24.50 26.34 NOTE
r-release-macos-arm64 0.1.0 16.00 NOTE
r-release-macos-x86_64 0.1.0 21.00 NOTE
r-release-windows-x86_64 0.1.0 3.00 44.00 47.00 NOTE
r-oldrel-macos-arm64 0.1.0 18.00 NOTE
r-oldrel-macos-x86_64 0.1.0 21.00 NOTE
r-oldrel-windows-x86_64 0.1.0 4.00 44.00 48.00 NOTE

Check Details

Version: 0.1.0
Check: LazyData
Result: NOTE 'LazyData' is specified without a 'data' directory Flavors: r-devel-linux-x86_64-debian-clang, r-devel-linux-x86_64-debian-gcc, r-devel-linux-x86_64-fedora-clang, r-devel-linux-x86_64-fedora-gcc, r-devel-windows-x86_64, r-patched-linux-x86_64, r-release-linux-x86_64, r-release-macos-arm64, r-release-macos-x86_64, r-release-windows-x86_64, r-oldrel-macos-arm64, r-oldrel-macos-x86_64, r-oldrel-windows-x86_64

Version: 0.1.0
Check: for non-standard things in the check directory
Result: NOTE Found the following files/directories: ‘smd_table.docx’ Flavors: r-devel-linux-x86_64-debian-clang, r-devel-linux-x86_64-debian-gcc, r-devel-linux-x86_64-fedora-clang, r-devel-linux-x86_64-fedora-gcc, r-patched-linux-x86_64, r-release-linux-x86_64