CRAN Package Check Results for Package depmixS4

Last updated on 2024-02-20 22:59:00 CET.

Flavor Version Tinstall Tcheck Ttotal Status Flags
r-devel-linux-x86_64-debian-clang 1.5-0 NOTE
r-devel-linux-x86_64-debian-gcc 1.5-0 8.42 91.93 100.35 NOTE
r-devel-linux-x86_64-fedora-clang 1.5-0 166.66 NOTE
r-devel-linux-x86_64-fedora-gcc 1.5-0 175.73 NOTE
r-devel-windows-x86_64 1.5-0 12.00 141.00 153.00 NOTE
r-patched-linux-x86_64 1.5-0 12.77 126.48 139.25 NOTE
r-release-linux-x86_64 1.5-0 12.21 128.03 140.24 NOTE
r-release-macos-arm64 1.5-0 68.00 NOTE
r-release-macos-x86_64 1.5-0 110.00 NOTE
r-release-windows-x86_64 1.5-0 15.00 155.00 170.00 NOTE
r-oldrel-macos-arm64 1.5-0 57.00 NOTE
r-oldrel-windows-x86_64 1.5-0 16.00 156.00 172.00 NOTE

Check Details

Version: 1.5-0
Check: package dependencies
Result: NOTE Package suggested but not available for checking: ‘Rdonlp2’ Flavors: r-devel-linux-x86_64-debian-clang, r-devel-linux-x86_64-debian-gcc, r-devel-linux-x86_64-fedora-clang, r-devel-linux-x86_64-fedora-gcc, r-devel-windows-x86_64, r-patched-linux-x86_64, r-release-linux-x86_64, r-release-macos-arm64, r-release-macos-x86_64, r-release-windows-x86_64, r-oldrel-macos-arm64, r-oldrel-windows-x86_64

Version: 1.5-0
Check: Rd files
Result: NOTE checkRd: (-1) responses.Rd:68: Lost braces 68 | response. See code{\link{makeDepmix}} for an example of how to use | ^ Flavors: r-devel-linux-x86_64-debian-clang, r-devel-linux-x86_64-debian-gcc