Last updated on 2023-12-10 04:55:55 CET.
Flavor | Version | Tinstall | Tcheck | Ttotal | Status | Flags |
---|---|---|---|---|---|---|
r-devel-linux-x86_64-debian-clang | 0.2.1 | 81.44 | 116.44 | 197.88 | OK | |
r-devel-linux-x86_64-debian-gcc | 0.2.1 | 57.35 | 92.82 | 150.17 | OK | |
r-devel-linux-x86_64-fedora-clang | 0.2.1 | 292.46 | NOTE | |||
r-devel-linux-x86_64-fedora-gcc | 0.2.1 | 304.23 | NOTE | |||
r-devel-windows-x86_64 | 0.2.1 | 63.00 | 144.00 | 207.00 | OK | |
r-patched-linux-x86_64 | 0.2.1 | 68.89 | 114.84 | 183.73 | OK | |
r-release-linux-x86_64 | 0.2.1 | 72.12 | 113.09 | 185.21 | OK | |
r-release-macos-arm64 | 0.2.1 | 82.00 | NOTE | |||
r-release-macos-x86_64 | 0.2.1 | 156.00 | NOTE | |||
r-release-windows-x86_64 | 0.2.1 | 80.00 | 166.00 | 246.00 | OK | |
r-oldrel-macos-arm64 | 0.2.1 | 80.00 | NOTE | |||
r-oldrel-macos-x86_64 | 0.2.1 | 91.00 | NOTE | |||
r-oldrel-windows-x86_64 | 0.2.1 | 75.00 | 150.00 | 225.00 | OK |
Version: 0.2.1
Check: dependencies in R code
Result: NOTE
Namespace in Imports field not imported from: ‘Rcpp’
All declared Imports should be used.
Flavors: r-devel-linux-x86_64-fedora-clang, r-devel-linux-x86_64-fedora-gcc
Version: 0.2.1
Check: installed package size
Result: NOTE
installed size is 6.2Mb
sub-directories of 1Mb or more:
doc 1.9Mb
libs 4.0Mb
Flavors: r-release-macos-arm64, r-release-macos-x86_64, r-oldrel-macos-arm64, r-oldrel-macos-x86_64