CRAN Package Check Results for Package didimputation

Last updated on 2024-07-24 22:56:00 CEST.

Flavor Version Tinstall Tcheck Ttotal Status Flags
r-devel-linux-x86_64-debian-clang 0.3.0 28.42 93.07 121.49 NOTE
r-devel-linux-x86_64-debian-gcc 0.3.0 26.77 69.05 95.82 NOTE
r-devel-linux-x86_64-fedora-clang 0.3.0 175.45 NOTE
r-devel-linux-x86_64-fedora-gcc 0.3.0 164.18 NOTE
r-devel-windows-x86_64 0.3.0 32.00 103.00 135.00 NOTE
r-patched-linux-x86_64 0.3.0 27.11 89.38 116.49 NOTE
r-release-linux-x86_64 0.3.0 21.76 87.98 109.74 NOTE
r-release-macos-arm64 0.3.0 40.00 NOTE
r-release-macos-x86_64 0.3.0 80.00 NOTE
r-release-windows-x86_64 0.3.0 39.00 104.00 143.00 NOTE
r-oldrel-macos-arm64 0.3.0 45.00 NOTE
r-oldrel-macos-x86_64 0.3.0 64.00 NOTE
r-oldrel-windows-x86_64 0.3.0 40.00 123.00 163.00 NOTE

Check Details

Version: 0.3.0
Check: C++ specification
Result: NOTE Specified C++11: please drop specification unless essential Flavors: r-devel-linux-x86_64-debian-clang, r-devel-linux-x86_64-debian-gcc, r-devel-linux-x86_64-fedora-clang, r-devel-linux-x86_64-fedora-gcc, r-devel-windows-x86_64, r-patched-linux-x86_64, r-release-linux-x86_64, r-release-macos-arm64, r-release-macos-x86_64, r-release-windows-x86_64, r-oldrel-macos-arm64, r-oldrel-macos-x86_64, r-oldrel-windows-x86_64

Version: 0.3.0
Check: Rd files
Result: NOTE checkRd: (-1) did_imputation.Rd:74: Lost braces; missing escapes or markup? 74 | form average treatment effects for groups of {it}. | ^ Flavors: r-devel-linux-x86_64-debian-clang, r-devel-linux-x86_64-debian-gcc, r-devel-linux-x86_64-fedora-clang, r-devel-linux-x86_64-fedora-gcc, r-devel-windows-x86_64, r-patched-linux-x86_64, r-release-linux-x86_64, r-release-macos-arm64, r-release-macos-x86_64, r-release-windows-x86_64