CRAN Package Check Results for Package discoveR

Last updated on 2024-02-20 22:59:00 CET.

Flavor Version Tinstall Tcheck Ttotal Status Flags
r-devel-linux-x86_64-debian-clang 3.1.2 NOTE
r-devel-linux-x86_64-debian-gcc 3.1.2 19.19 125.54 144.73 NOTE
r-devel-linux-x86_64-fedora-clang 3.1.2 229.83 OK
r-devel-linux-x86_64-fedora-gcc 3.1.2 222.79 OK
r-devel-windows-x86_64 3.1.2 22.00 141.00 163.00 OK
r-patched-linux-x86_64 3.1.2 21.08 162.92 184.00 OK
r-release-linux-x86_64 3.1.2 22.80 158.35 181.15 OK
r-release-macos-arm64 3.1.2 65.00 OK
r-release-macos-x86_64 3.1.2 123.00 OK
r-release-windows-x86_64 3.1.2 27.00 173.00 200.00 OK
r-oldrel-macos-arm64 3.1.2 71.00 OK
r-oldrel-windows-x86_64 3.1.2 29.00 173.00 202.00 OK

Check Details

Version: 3.1.2
Check: Rd files
Result: NOTE checkRd: (-1) app_server.Rd:10: Lost braces; missing escapes or markup? 10 | \item{input, output, session}{Internal parameters for `{shiny}`. | ^ Flavors: r-devel-linux-x86_64-debian-clang, r-devel-linux-x86_64-debian-gcc