CRAN Package Check Results for Package dispositionEffect

Last updated on 2024-04-16 23:51:51 CEST.

Flavor Version Tinstall Tcheck Ttotal Status Flags
r-devel-linux-x86_64-debian-clang 1.0.1 6.41 167.75 174.16 OK
r-devel-linux-x86_64-debian-gcc 1.0.1 4.36 120.22 124.58 OK
r-devel-linux-x86_64-fedora-clang 1.0.1 208.01 OK
r-devel-linux-x86_64-fedora-gcc 1.0.1 211.99 OK
r-prerel-macos-arm64 1.0.1 64.00 ERROR
r-prerel-windows-x86_64 1.0.1 6.00 127.00 133.00 OK
r-patched-linux-x86_64 1.0.1 3.85 157.56 161.41 OK
r-release-linux-x86_64 1.0.1 4.55 154.97 159.52 OK
r-release-macos-arm64 1.0.1 67.00 ERROR
r-release-macos-x86_64 1.0.1 132.00 ERROR
r-release-windows-x86_64 1.0.1 8.00 155.00 163.00 OK
r-oldrel-macos-arm64 1.0.1 64.00 ERROR
r-oldrel-windows-x86_64 1.0.1 9.00 162.00 171.00 OK

Check Details

Version: 1.0.1
Check: tests
Result: ERROR Running ‘testthat.R’ [4s/4s] Running the tests in ‘tests/testthat.R’ failed. Last 13 lines of output: realized_duration(...) not equal to c(...). 1/4 mismatches [1] 29 - 28 == 1 ── Failure ('test-realized_duration.R:158:2'): realized_duration works (realized_only = TRUE) ── realized_duration(...) not equal to c(...). 1/4 mismatches [2] 29 - 28 == 1 ── Failure ('test-realized_duration.R:161:2'): realized_duration works (realized_only = TRUE) ── realized_duration(...) not equal to c(...). 1/4 mismatches [1] 29 - 28 == 1 [ FAIL 36 | WARN 0 | SKIP 0 | PASS 331 ] Error: Test failures Execution halted Flavors: r-prerel-macos-arm64, r-release-macos-arm64, r-oldrel-macos-arm64

Version: 1.0.1
Check: tests
Result: ERROR Running ‘testthat.R’ [6s/9s] Running the tests in ‘tests/testthat.R’ failed. Last 13 lines of output: realized_duration(...) not equal to c(...). 1/4 mismatches [1] 31 - 28 == 3 ── Failure ('test-realized_duration.R:158:2'): realized_duration works (realized_only = TRUE) ── realized_duration(...) not equal to c(...). 1/4 mismatches [2] 31 - 28 == 3 ── Failure ('test-realized_duration.R:161:2'): realized_duration works (realized_only = TRUE) ── realized_duration(...) not equal to c(...). 1/4 mismatches [1] 31 - 28 == 3 [ FAIL 36 | WARN 0 | SKIP 0 | PASS 331 ] Error: Test failures Execution halted Flavor: r-release-macos-x86_64