CRAN Package Check Results for Package div

Last updated on 2024-02-20 22:59:00 CET.

Flavor Version Tinstall Tcheck Ttotal Status Flags
r-devel-linux-x86_64-debian-clang 0.3.1 OK
r-devel-linux-x86_64-debian-gcc 0.3.1 7.45 49.94 57.39 OK
r-devel-linux-x86_64-fedora-clang 0.3.1 96.29 NOTE
r-devel-linux-x86_64-fedora-gcc 0.3.1 90.51 NOTE
r-devel-windows-x86_64 0.3.1 10.00 70.00 80.00 OK
r-patched-linux-x86_64 0.3.1 7.62 64.36 71.98 OK
r-release-linux-x86_64 0.3.1 6.01 63.66 69.67 OK
r-release-macos-arm64 0.3.1 30.00 OK
r-release-macos-x86_64 0.3.1 55.00 OK
r-release-windows-x86_64 0.3.1 12.00 81.00 93.00 OK
r-oldrel-macos-arm64 0.3.1 39.00 NOTE
r-oldrel-windows-x86_64 0.3.1 15.00 96.00 111.00 OK

Check Details

Version: 0.3.1
Check: dependencies in R code
Result: NOTE Namespaces in Imports field not imported from: ‘gridExtra’ ‘plotly’ ‘pryr’ ‘rpart’ All declared Imports should be used. Flavors: r-devel-linux-x86_64-fedora-clang, r-devel-linux-x86_64-fedora-gcc, r-oldrel-macos-arm64