CRAN Package Check Results for Package duckdb

Last updated on 2024-02-21 23:11:27 CET.

Flavor Version Tinstall Tcheck Ttotal Status Flags
r-devel-linux-x86_64-debian-clang 0.9.2-1 NOTE
r-devel-linux-x86_64-debian-gcc 0.9.2-1 2540.33 77.02 2617.35 OK
r-devel-linux-x86_64-fedora-clang 0.9.2-1 4020.71 NOTE
r-devel-linux-x86_64-fedora-gcc 0.9.2-1 5261.58 OK
r-devel-windows-x86_64 0.9.2-1 2158.00 334.00 2492.00 NOTE
r-patched-linux-x86_64 0.9.2-1 3023.39 101.64 3125.03 OK
r-release-linux-x86_64 0.9.2-1 3077.88 98.76 3176.64 OK
r-release-macos-arm64 0.9.2-1 916.00 NOTE
r-release-macos-x86_64 0.9.2-1 615.00 NOTE
r-release-windows-x86_64 0.9.2-1 2047.00 417.00 2464.00 NOTE
r-oldrel-macos-arm64 0.9.2-1 869.00 NOTE
r-oldrel-windows-x86_64 0.9.2-1 2782.00 378.00 3160.00 NOTE

Check Details

Version: 0.9.2-1
Check: package dependencies
Result: NOTE Package suggested but not available for checking: ‘arrow’ Flavors: r-devel-linux-x86_64-debian-clang, r-devel-linux-x86_64-fedora-clang

Version: 0.9.2-1
Check: installed package size
Result: NOTE installed size is 38.7Mb sub-directories of 1Mb or more: libs 38.1Mb Flavors: r-devel-linux-x86_64-fedora-clang, r-devel-windows-x86_64, r-release-macos-arm64, r-release-macos-x86_64, r-release-windows-x86_64, r-oldrel-macos-arm64, r-oldrel-windows-x86_64