CRAN Package Check Results for Package dynatop

Last updated on 2023-12-10 04:55:56 CET.

Flavor Version Tinstall Tcheck Ttotal Status Flags
r-devel-linux-x86_64-debian-clang 0.2.3 49.92 80.68 130.60 NOTE
r-devel-linux-x86_64-debian-gcc 0.2.3 33.27 61.28 94.55 NOTE
r-devel-linux-x86_64-fedora-clang 0.2.3 180.04 NOTE
r-devel-linux-x86_64-fedora-gcc 0.2.3 187.93 NOTE
r-devel-windows-x86_64 0.2.3 39.00 116.00 155.00 NOTE
r-patched-linux-x86_64 0.2.3 39.60 79.76 119.36 NOTE
r-release-linux-x86_64 0.2.3 39.63 76.75 116.38 NOTE
r-release-macos-arm64 0.2.3 70.00 NOTE
r-release-macos-x86_64 0.2.3 98.00 NOTE
r-release-windows-x86_64 0.2.3 49.00 131.00 180.00 NOTE
r-oldrel-macos-arm64 0.2.3 61.00 OK
r-oldrel-macos-x86_64 0.2.3 66.00 OK
r-oldrel-windows-x86_64 0.2.3 47.00 129.00 176.00 OK

Check Details

Version: 0.2.3
Check: C++ specification
Result: NOTE Specified C++11: please drop specification unless essential Flavors: r-devel-linux-x86_64-debian-clang, r-devel-linux-x86_64-debian-gcc, r-devel-linux-x86_64-fedora-clang, r-devel-linux-x86_64-fedora-gcc, r-devel-windows-x86_64, r-patched-linux-x86_64, r-release-linux-x86_64, r-release-macos-arm64, r-release-macos-x86_64, r-release-windows-x86_64