CRAN Package Check Results for Package ePCR

Last updated on 2024-02-26 23:03:38 CET.

Flavor Version Tinstall Tcheck Ttotal Status Flags
r-devel-linux-x86_64-debian-clang 0.11.0 17.55 366.12 383.67 OK
r-devel-linux-x86_64-debian-gcc 0.11.0 12.51 254.94 267.45 OK
r-devel-linux-x86_64-fedora-clang 0.11.0 524.21 OK
r-devel-linux-x86_64-fedora-gcc 0.11.0 438.79 OK
r-devel-windows-x86_64 0.9.9-11 15.00 128.00 143.00 NOTE
r-patched-linux-x86_64 0.11.0 17.97 339.36 357.33 WARN
r-release-linux-x86_64 0.11.0 12.62 341.49 354.11 WARN
r-release-macos-arm64 0.11.0 159.00 WARN
r-release-macos-x86_64 0.11.0 228.00 WARN
r-release-windows-x86_64 0.11.0 21.00 329.00 350.00 WARN
r-oldrel-macos-arm64 0.11.0 158.00 WARN
r-oldrel-windows-x86_64 0.11.0 22.00 325.00 347.00 WARN

Check Details

Version: 0.9.9-11
Check: package namespace information
Result: NOTE Found export directives that require package 'methods': 'exportClasses' 'exportMethods' Remove all such namespace directives (if obsolete) or ensure that the DESCRIPTION Depends or Imports field contains 'methods'. Flavor: r-devel-windows-x86_64

Version: 0.9.9-11
Check: installed package size
Result: NOTE installed size is 5.0Mb sub-directories of 1Mb or more: data 4.2Mb Flavor: r-devel-windows-x86_64

Version: 0.11.0
Check: Rd files
Result: WARN checkRd: (5) ePCR.Rd:0-17: Must have a \description Flavors: r-patched-linux-x86_64, r-release-linux-x86_64, r-release-macos-arm64, r-release-macos-x86_64, r-release-windows-x86_64, r-oldrel-macos-arm64, r-oldrel-windows-x86_64