CRAN Package Check Results for Package ebTobit

Last updated on 2024-04-20 23:23:05 CEST.

Flavor Version Tinstall Tcheck Ttotal Status Flags
r-devel-linux-x86_64-debian-clang 1.0.1 38.31 33.54 71.85 WARN
r-devel-linux-x86_64-debian-gcc 1.0.1 33.65 25.24 58.89 OK
r-devel-linux-x86_64-fedora-clang 1.0.1 109.28 OK
r-devel-linux-x86_64-fedora-gcc 1.0.1 105.63 OK
r-prerel-macos-arm64 1.0.1 27.00 OK
r-prerel-windows-x86_64 1.0.1 35.00 67.00 102.00 OK
r-patched-linux-x86_64 1.0.1 44.62 32.29 76.91 OK
r-release-linux-x86_64 1.0.1 38.63 31.34 69.97 OK
r-release-macos-arm64 1.0.1 29.00 OK
r-release-macos-x86_64 1.0.1 70.00 OK
r-release-windows-x86_64 1.0.1 39.00 75.00 114.00 OK
r-oldrel-macos-arm64 1.0.1 37.00 OK
r-oldrel-windows-x86_64 1.0.1 39.00 73.00 112.00 OK

Check Details

Version: 1.0.1
Check: whether package can be installed
Result: WARN Found the following significant warnings: EM.cpp:53:41: warning: using integer absolute value function 'abs' when argument is of floating point type [-Wabsolute-value] See ‘/home/hornik/tmp/R.check/r-devel-clang/Work/PKGS/ebTobit.Rcheck/00install.out’ for details. * used C++ compiler: ‘Debian clang version 18.1.0 (rc4-1)’ Flavor: r-devel-linux-x86_64-debian-clang