CRAN Package Check Results for Package ecr

Last updated on 2024-02-26 23:03:38 CET.

Flavor Version Tinstall Tcheck Ttotal Status Flags
r-devel-linux-x86_64-debian-clang 2.1.1 33.54 217.11 250.65 NOTE
r-devel-linux-x86_64-debian-gcc 2.1.1 26.94 167.53 194.47 NOTE
r-devel-linux-x86_64-fedora-clang 2.1.1 320.82 NOTE
r-devel-linux-x86_64-fedora-gcc 2.1.1 300.49 OK
r-devel-windows-x86_64 2.1.1 34.00 209.00 243.00 OK
r-patched-linux-x86_64 2.1.1 26.12 196.04 222.16 OK
r-release-linux-x86_64 2.1.1 29.82 193.41 223.23 OK
r-release-macos-arm64 2.1.1 124.00 OK
r-release-macos-x86_64 2.1.1 192.00 OK
r-release-windows-x86_64 2.1.1 44.00 259.00 303.00 OK
r-oldrel-macos-arm64 2.1.1 148.00 OK
r-oldrel-windows-x86_64 2.1.1 42.00 235.00 277.00 OK

Check Details

Version: 2.1.1
Check: Rd files
Result: NOTE checkRd: (-1) transformFitness.Rd:25: Lost braces; missing escapes or markup? 25 | minimization (most others). This function computes a factor from {-1, 1} for | ^ Flavors: r-devel-linux-x86_64-debian-clang, r-devel-linux-x86_64-debian-gcc, r-devel-linux-x86_64-fedora-clang