CRAN Package Check Results for Package editData

Last updated on 2025-01-18 21:48:21 CET.

Flavor Version Tinstall Tcheck Ttotal Status Flags
r-devel-linux-x86_64-debian-clang 0.1.8 5.20 42.32 47.52 OK
r-devel-linux-x86_64-debian-gcc 0.1.8 3.22 33.68 36.90 OK
r-devel-linux-x86_64-fedora-clang 0.1.8 79.19 NOTE
r-devel-linux-x86_64-fedora-gcc 0.1.8 89.03 NOTE
r-devel-windows-x86_64 0.1.8 7.00 67.00 74.00 OK
r-patched-linux-x86_64 0.1.8 5.14 40.64 45.78 OK
r-release-linux-x86_64 0.1.8 4.93 41.14 46.07 OK
r-release-macos-arm64 0.1.8 32.00 OK
r-release-macos-x86_64 0.1.8 47.00 OK
r-release-windows-x86_64 0.1.8 6.00 69.00 75.00 OK
r-oldrel-macos-arm64 0.1.8 41.00 OK
r-oldrel-macos-x86_64 0.1.8 57.00 OK
r-oldrel-windows-x86_64 0.1.8 8.00 74.00 82.00 OK

Check Details

Version: 0.1.8
Check: dependencies in R code
Result: NOTE Namespaces in Imports field not imported from: ‘dplyr’ ‘magrittr’ ‘tibble’ All declared Imports should be used. Flavors: r-devel-linux-x86_64-fedora-clang, r-devel-linux-x86_64-fedora-gcc