CRAN Package Check Results for Package extremis

Last updated on 2024-05-17 22:56:43 CEST.

Flavor Version Tinstall Tcheck Ttotal Status Flags
r-devel-linux-x86_64-debian-clang 1.2.1 11.69 84.69 96.38 OK
r-devel-linux-x86_64-debian-gcc 1.2.1 9.06 63.08 72.14 OK
r-devel-linux-x86_64-fedora-clang 1.2.1 122.37 NOTE
r-devel-linux-x86_64-fedora-gcc 1.2.1 168.59 NOTE
r-devel-windows-x86_64 1.2.1 11.00 80.00 91.00 OK
r-patched-linux-x86_64 1.2.1 10.02 79.30 89.32 OK
r-release-linux-x86_64 1.2.1 10.44 81.51 91.95 OK
r-release-macos-arm64 1.2.1 35.00 OK
r-release-windows-x86_64 1.2.1 12.00 81.00 93.00 OK
r-oldrel-macos-arm64 1.2.1 40.00 OK
r-oldrel-macos-x86_64 1.2.1 64.00 OK
r-oldrel-windows-x86_64 1.2.1 14.00 97.00 111.00 OK

Check Details

Version: 1.2.1
Check: compiled code
Result: NOTE File ‘extremis/libs/extremis.so’: Found no calls to: ‘R_registerRoutines’, ‘R_useDynamicSymbols’ It is good practice to register native routines and to disable symbol search. See ‘Writing portable packages’ in the ‘Writing R Extensions’ manual. Flavors: r-devel-linux-x86_64-fedora-clang, r-devel-linux-x86_64-fedora-gcc