CRAN Package Check Results for Package fairadapt

Last updated on 2024-02-26 23:03:39 CET.

Flavor Version Tinstall Tcheck Ttotal Status Flags
r-devel-linux-x86_64-debian-clang 0.2.7 9.76 188.22 197.98 OK
r-devel-linux-x86_64-debian-gcc 0.2.7 7.83 145.49 153.32 OK
r-devel-linux-x86_64-fedora-clang 0.2.7 259.75 OK
r-devel-linux-x86_64-fedora-gcc 0.2.7 255.21 OK
r-devel-windows-x86_64 0.2.7 10.00 223.00 233.00 OK
r-patched-linux-x86_64 0.2.7 7.03 188.84 195.87 OK
r-release-linux-x86_64 0.2.7 8.66 188.40 197.06 OK
r-release-macos-arm64 0.2.7 95.00 ERROR
r-release-macos-x86_64 0.2.7 182.00 OK
r-release-windows-x86_64 0.2.7 13.00 241.00 254.00 OK
r-oldrel-macos-arm64 0.2.7 92.00 ERROR
r-oldrel-windows-x86_64 0.2.7 14.00 238.00 252.00 OK

Check Details

Version: 0.2.7
Check: re-building of vignette outputs
Result: ERROR Error(s) in re-building vignettes: --- re-building ‘jss.Rmd’ using rmarkdown This is pdfTeX, Version 3.141592653-2.6-1.40.24 (TeX Live 2022) (preloaded format=pdflatex) restricted \write18 enabled. entering extended mode kpathsea: Running mktexpk --mfmode / --bdpi 600 --mag 1+57/600 --dpi 657 bbm10 mkdir: ././opt/tex/texmf-var/fonts/pk/ljfour/public: Permission denied mktexpk: /opt/tex/texmf-dist/web2c/mktexdir /opt/tex/texmf-var/fonts/pk/ljfour/public/bbm failed. kpathsea: Appending font creation commands to missfont.log. This is pdfTeX, Version 3.141592653-2.6-1.40.24 (TeX Live 2022) (preloaded format=pdflatex) restricted \write18 enabled. entering extended mode kpathsea: Running mktexpk --mfmode / --bdpi 600 --mag 1+57/600 --dpi 657 bbm10 mkdir: ././opt/tex/texmf-var/fonts/pk/ljfour/public: Permission denied mktexpk: /opt/tex/texmf-dist/web2c/mktexdir /opt/tex/texmf-var/fonts/pk/ljfour/public/bbm failed. kpathsea: Appending font creation commands to missfont.log. This is pdfTeX, Version 3.141592653-2.6-1.40.24 (TeX Live 2022) (preloaded format=pdflatex) restricted \write18 enabled. entering extended mode kpathsea: Running mktexpk --mfmode / --bdpi 600 --mag 1+57/600 --dpi 657 bbm10 mkdir: ././opt/tex/texmf-var/fonts/pk/ljfour/public: Permission denied mktexpk: /opt/tex/texmf-dist/web2c/mktexdir /opt/tex/texmf-var/fonts/pk/ljfour/public/bbm failed. kpathsea: Appending font creation commands to missfont.log. Error: processing vignette 'jss.Rmd' failed with diagnostics: LaTeX failed to compile /Volumes/Builds/packages/big-sur-arm64/results/4.3/fairadapt.Rcheck/vign_test/fairadapt/vignettes/jss.tex. See https://yihui.org/tinytex/r/#debugging for debugging tips. --- failed re-building ‘jss.Rmd’ SUMMARY: processing the following file failed: ‘jss.Rmd’ Error: Vignette re-building failed. Execution halted Flavor: r-release-macos-arm64

Version: 0.2.7
Check: re-building of vignette outputs
Result: ERROR Error(s) in re-building vignettes: --- re-building ‘jss.Rmd’ using rmarkdown This is pdfTeX, Version 3.141592653-2.6-1.40.24 (TeX Live 2022) (preloaded format=pdflatex) restricted \write18 enabled. entering extended mode kpathsea: Running mktexpk --mfmode / --bdpi 600 --mag 1+57/600 --dpi 657 bbm10 mkdir: ././opt/tex/texmf-var/fonts/pk/ljfour/public: Permission denied mktexpk: /opt/tex/texmf-dist/web2c/mktexdir /opt/tex/texmf-var/fonts/pk/ljfour/public/bbm failed. kpathsea: Appending font creation commands to missfont.log. This is pdfTeX, Version 3.141592653-2.6-1.40.24 (TeX Live 2022) (preloaded format=pdflatex) restricted \write18 enabled. entering extended mode kpathsea: Running mktexpk --mfmode / --bdpi 600 --mag 1+57/600 --dpi 657 bbm10 mkdir: ././opt/tex/texmf-var/fonts/pk/ljfour/public: Permission denied mktexpk: /opt/tex/texmf-dist/web2c/mktexdir /opt/tex/texmf-var/fonts/pk/ljfour/public/bbm failed. kpathsea: Appending font creation commands to missfont.log. This is pdfTeX, Version 3.141592653-2.6-1.40.24 (TeX Live 2022) (preloaded format=pdflatex) restricted \write18 enabled. entering extended mode kpathsea: Running mktexpk --mfmode / --bdpi 600 --mag 1+57/600 --dpi 657 bbm10 mkdir: ././opt/tex/texmf-var/fonts/pk/ljfour/public: Permission denied mktexpk: /opt/tex/texmf-dist/web2c/mktexdir /opt/tex/texmf-var/fonts/pk/ljfour/public/bbm failed. kpathsea: Appending font creation commands to missfont.log. Error: processing vignette 'jss.Rmd' failed with diagnostics: LaTeX failed to compile /Volumes/Builds/packages/big-sur-arm64/results/4.2/fairadapt.Rcheck/vign_test/fairadapt/vignettes/jss.tex. See https://yihui.org/tinytex/r/#debugging for debugging tips. --- failed re-building ‘jss.Rmd’ SUMMARY: processing the following file failed: ‘jss.Rmd’ Error: Vignette re-building failed. Execution halted Flavor: r-oldrel-macos-arm64