CRAN Package Check Results for Package fastGLCM

Last updated on 2024-04-19 22:55:45 CEST.

Flavor Version Tinstall Tcheck Ttotal Status Flags
r-devel-linux-x86_64-debian-clang 1.0.2 49.14 55.32 104.46 NOTE
r-devel-linux-x86_64-debian-gcc 1.0.2 NOTE
r-devel-linux-x86_64-fedora-clang 1.0.2 155.15 NOTE
r-devel-linux-x86_64-fedora-gcc 1.0.2 163.18 NOTE
r-prerel-macos-arm64 1.0.2 45.00 NOTE
r-prerel-windows-x86_64 1.0.2 40.00 95.00 135.00 NOTE
r-patched-linux-x86_64 1.0.2 47.34 57.50 104.84 NOTE
r-release-linux-x86_64 1.0.2 50.16 55.22 105.38 NOTE
r-release-macos-arm64 1.0.2 51.00 NOTE
r-release-macos-x86_64 1.0.2 79.00 NOTE
r-release-windows-x86_64 1.0.2 49.00 103.00 152.00 NOTE
r-oldrel-macos-arm64 1.0.2 44.00 NOTE
r-oldrel-windows-x86_64 1.0.2 49.00 101.00 150.00 NOTE

Check Details

Version: 1.0.2
Check: C++ specification
Result: NOTE Specified C++11: please drop specification unless essential Flavors: r-devel-linux-x86_64-debian-clang, r-devel-linux-x86_64-debian-gcc, r-devel-linux-x86_64-fedora-clang, r-devel-linux-x86_64-fedora-gcc, r-prerel-macos-arm64, r-prerel-windows-x86_64, r-patched-linux-x86_64, r-release-linux-x86_64, r-release-macos-arm64, r-release-macos-x86_64, r-release-windows-x86_64

Version: 1.0.2
Check: installed package size
Result: NOTE installed size is 7.2Mb sub-directories of 1Mb or more: images 3.1Mb libs 2.9Mb Flavors: r-prerel-macos-arm64, r-prerel-windows-x86_64, r-release-macos-arm64, r-release-macos-x86_64, r-release-windows-x86_64, r-oldrel-macos-arm64, r-oldrel-windows-x86_64