CRAN Package Check Results for Package fastnet

Last updated on 2024-04-25 01:55:12 CEST.

Flavor Version Tinstall Tcheck Ttotal Status Flags
r-devel-linux-x86_64-debian-clang 1.0.0 6.93 45.31 52.24 NOTE
r-devel-linux-x86_64-debian-gcc 1.0.0 4.41 34.09 38.50 NOTE
r-devel-linux-x86_64-fedora-clang 1.0.0 67.05 NOTE
r-devel-linux-x86_64-fedora-gcc 1.0.0 63.16 NOTE
r-devel-windows-x86_64 1.0.0 6.00 60.00 66.00 NOTE
r-patched-linux-x86_64 1.0.0 5.97 44.78 50.75 NOTE
r-release-linux-x86_64 1.0.0 4.31 44.86 49.17 NOTE
r-release-macos-arm64 1.0.0 23.00 NOTE
r-release-windows-x86_64 1.0.0 7.00 60.00 67.00 NOTE
r-oldrel-macos-arm64 1.0.0 24.00 NOTE
r-oldrel-macos-x86_64 1.0.0 34.00 NOTE
r-oldrel-windows-x86_64 1.0.0 7.00 66.00 73.00 NOTE

Check Details

Version: 1.0.0
Check: LazyData
Result: NOTE 'LazyData' is specified without a 'data' directory Flavors: r-devel-linux-x86_64-debian-clang, r-devel-linux-x86_64-debian-gcc, r-devel-linux-x86_64-fedora-clang, r-devel-linux-x86_64-fedora-gcc, r-devel-windows-x86_64, r-patched-linux-x86_64, r-release-linux-x86_64, r-release-macos-arm64, r-release-windows-x86_64, r-oldrel-macos-arm64, r-oldrel-macos-x86_64, r-oldrel-windows-x86_64